 - 1899. List the prime factors of t(17).
2, 7, 11
Suppose -15*o = -8*o - 1323. Suppose 101 + o = r. Suppose -37 = -3*l + r. What are the prime factors of l?
109
Let w(r) be the first derivative of r**4/4 - 7*r**3/3 - 3*r**2 + 24*r + 8. Let s(h) = -3*h - 15. Let z be s(-8). List the prime factors of w(z).
2, 3, 11
Let n(z) = 20*z**2 - 77*z + 3. What are the prime factors of n(-13)?
2, 137
Suppose -7*t + 2*t = -80. Suppose 2*m + 2*q = 32, -8*m + 34 = -4*m + 14*q. List the prime factors of t*1*m/76.
2
Let g = 169 - -7063. List the prime factors of g.
2, 113
Suppose -4*d - 7*h + 4 = -3*h, -h - 8 = -2*d. Let p = 10 + -6. Suppose -713 - d = -p*x. List the prime factors of x.
179
Let d(w) = 18*w + 10*w - 17 - 4*w**3 + 6*w**2 - 26*w - 6. What are the prime factors of d(-4)?
3, 107
Suppose -j + 5*m + 1155 = -4962, 4*j - 2*m = 24414. List the prime factors of j.
2, 3, 113
Let l = -3500 - -5868. List the prime factors of l.
2, 37
Let p = 4944 - 2491. Let t = p + -1391. List the prime factors of t.
2, 3, 59
Let x = -32 + 26. Let o(p) = -p**2 - 5*p + 5. Let q be o(x). List the prime factors of (q - (2 + 5))*372/(-24).
2, 31
Suppose 2795 = -19*g - 11664. Let r = 767 + g. What are the prime factors of r?
2, 3
Suppose -16*k = -427 - 277. List the prime factors of (-922)/((-96)/k - (-10)/55).
461
List the prime factors of (-101)/(3 + (-80)/840 + 14804/(-5082)).
11, 101
Suppose -28*h + 6 = -25*h. Let s be (h/(-2))/((66/996)/11). Let t = s + 457. What are the prime factors of t?
3, 97
List the prime factors of 757*(-17 - -22 - 4).
757
Suppose -4*v = -3*q + 16, -2*q + v + 18 = -1. Let p be (81/q)/(5/120). Suppose -10*n = -n - p. What are the prime factors of n?
2, 3
Let m(i) = i**3 - i**2 + i + 1. Let q(o) = 198*o**3 + 3*o**2 - 5*o - 5. Let c(h) = 5*m(h) + q(h). What are the prime factors of c(1)?
3, 67
Let q be 219/365 - -1*5687/5. Suppose -956 - q = -6*s. List the prime factors of s.
349
Let t(q) = -7*q**2 + 127*q + 44. List the prime factors of t(10).
2, 307
Suppose -192 = 283*f - 287*f. Suppose -36*k = -f*k + 6780. What are the prime factors of k?
5, 113
Let i = 16 - 12. Suppose -5*h - 3*y + i*y = -3, -5*h - 6 = 2*y. Suppose h = d - 6 - 33. What are the prime factors of d?
3, 13
Let o be -529 - 2 - (-48)/8. What are the prime factors of (o + 2)*(-3)/(-9)*-3?
523
Let k(a) = a**3 + 8*a**2 + 5*a + 6. Let l be k(-7). Let o(h) = h + 12. Let j be o(l). Let c = 117 - j. What are the prime factors of c?
5, 17
List the prime factors of ((-56228)/(-14))/((-92)/(-84) + -1).
3, 14057
Suppose -644*d + 703*d = 315827. List the prime factors of d.
53, 101
Let g = 150 + -31. Let b = g + 71. List the prime factors of b.
2, 5, 19
Suppose -2*q - 3512 = -5*r, 0 = 2*r - q - 971 - 434. List the prime factors of 10/((4 + r/(-177))*1).
5, 59
Let b(p) = -7*p**2 - 94*p - 9. Let y be b(-18). What are the prime factors of 1/1 + -7 - y?
3, 193
Suppose -2*f - j = 2*j - 4, 4*j = 2*f - 4. Let y(n) = -6*n**2 + 0*n**f + 3*n + 4 + 7*n**2. List the prime factors of y(-8).
2, 11
Let b = -22 + 27. Suppose -5 + 15 = b*x. Suppose -4*j + 106 = -x*j. List the prime factors of j.
53
Let t be 39*(4/3)/((-8)/(-4)). Let d = 670 - t. List the prime factors of d.
2, 7, 23
Suppose 358*x - 795368 + 884112 = 11615986. List the prime factors of x.
3, 10733
Suppose -2*r + 5*r - 6 = 2*n, 2*n = -6. List the prime factors of (-4160)/(-20) - (r - -3).
5, 41
Suppose 5*x + 5*k = 64150, -12*x + 4*k = -13*x + 12815. List the prime factors of x.
5, 17, 151
Suppose -26*d - 3360 = -10*d. Let r = -182 - d. List the prime factors of r.
2, 7
Let f(o) = -6*o**3 - 3*o**2 - 2*o - 1. Let g be f(-1). Let s be 8 - (g - (-8)/(-1)) - 4. What are the prime factors of 1/2 + 364/s?
2, 23
Let m(c) = 2870*c**2 - 3*c + 2. Let t be m(1). Suppose 6*o = -379 + t. What are the prime factors of o?
5, 83
Suppose 0 = 4*m - 20, 4*j = -5*m - 7 - 0. Let s = j + 16. Suppose -38 = -s*o + 58. List the prime factors of o.
2, 3
Suppose -618235 + 43406 - 26395 = -24*o. List the prime factors of o.
13, 41, 47
Let t(k) = 12*k**2 + 8*k - 6. Let l be t(2). Suppose -l*u + 17727 = -10403. What are the prime factors of u?
5, 97
What are the prime factors of (20/2)/(-1)*(-7122 + 11)?
2, 5, 13, 547
Let t = -3974 - -4724. What are the prime factors of t?
2, 3, 5
Suppose -9*j + 3*j + 6156 = 0. Let d = j + 66. List the prime factors of d.
2, 3, 7, 13
Let v = 3818 + -1211. What are the prime factors of v?
3, 11, 79
Let q be (862/8)/((-4)/(-16)). Suppose -5*r = k - 16, -8*r - 13 = -12*r - k. Suppose -q + 29 = -r*c. List the prime factors of c.
2, 67
Let t = 43 - 43. Suppose t = -w - w + 2. List the prime factors of 1/((-6)/(-56)) - w/3.
3
Suppose 2189*n = 2286*n - 3154149. List the prime factors of n.
3, 3613
Suppose 11*q - 8343 = -1435. Suppose -3*n = 3*v - 384, -5*v + 3*n + q = 2*n. What are the prime factors of v?
2, 3, 7
Suppose 0 = 5*g + 3*h - 218642, -4*g + h = -152481 - 22453. What are the prime factors of g?
2, 13, 29
Let s = 4766 - -531. List the prime factors of s.
5297
Let v(g) be the second derivative of g**5/20 + g**4/2 + 5*g**3/3 + 4*g**2 - g. Let s be v(-4). Let j(r) = -r**2 - r + 44. List the prime factors of j(s).
2, 11
Suppose -4*a + 4001 = 5*p - 4*p, -2991 = -3*a - 4*p. Suppose -20*f + 1779 = -a. What are the prime factors of f?
139
Suppose 5*f - 104 = 3*h + 100, 5*f - 180 = -5*h. Suppose 2*n - f*v = -35*v + 1762, -2*v = 2*n - 1738. What are the prime factors of n?
3, 97
Suppose 0 = i - 2*m, m = 5*i + 4*m - 26. Suppose 4*w - 375 = 3*h, -3*w - 108 = -i*w - 4*h. Suppose -12*l + w = -6*l. What are the prime factors of l?
2
Suppose 5*v = 0, 4*s + 21*v - 27184 = 24*v. List the prime factors of s.
2, 1699
Let w be (1 - 1)/(2 + -4). Suppose w = -8*b + 10*b - 6. Suppose -4*s + 58 = b*f - f, 0 = 4*f - 3*s - 160. What are the prime factors of f?
37
Let d = -31 + 35. Let f(z) = 3*z**3 - 8*z**2 - 2*z + 1. Let m be f(d). Suppose m*s - 58*s = -80. List the prime factors of s.
2, 5
Let q(n) be the first derivative of -n**2 + 32*n - 23. Let u be q(16). List the prime factors of u - (-4)/(-14) - (-1420)/70.
2, 5
Let l(s) = s**3 + 35*s**2 + 103*s + 689. List the prime factors of l(-27).
2, 5, 11, 17
Let a = 6298 + -2829. What are the prime factors of a?
3469
Suppose -5*d - 20 = 0, 3*x = 3*d - 39 + 15. Let z(a) = -35*a + 37. What are the prime factors of z(x)?
457
Let t be (1 - (-52)/(-60)) + 113038/15. Let b be (1/(-2))/((-4)/t*3). Suppose c - 6*c - b = -2*h, -h + 3*c = -159. List the prime factors of h.
3, 7
Let t = 22057 - 14117. Let f be ((-108)/(-90))/(2/t). List the prime factors of (-6)/(-10) - f/(-60).
2, 5
Let p(f) = -43*f + 3540. What are the prime factors of p(79)?
11, 13
Let i(p) = 37*p**2 + 4*p + 4. Let l be i(4). Let s = -187 + l. What are the prime factors of s?
5, 17
Let f(n) = -n**3 - 19*n**2 - 20*n - 31. Let k be f(-18). Suppose 0 = -0*u + k*u - 1740. List the prime factors of u.
2, 3, 29
Suppose -8*n = -4*n + n. Suppose -p = 4*x + 1, n*x - 1 = p - 4*x. What are the prime factors of -1*(p + -1)*93/6?
31
Suppose -25*d + 25515 = -9985. What are the prime factors of d?
2, 5, 71
Suppose 4*s - 466 = 2*s. Let g be 1456/(-10) - 21/(-30)*(-64)/112. Let x = s + g. List the prime factors of x.
3, 29
What are the prime factors of (-8)/(64/8) - -4796?
5, 7, 137
Let n = 8343 + 10043. What are the prime factors of n?
2, 29, 317
Let k(c) = -c**3 + c**2 + c - 1. Let v(i) = 5*i**3 + 8*i**2 + 25*i - 24. Let g(f) = 6*k(f) + v(f). List the prime factors of g(14).
2, 101
Suppose -4*b - 6 = -2*a, 4*a + 5*b + 39 = -14. Let t(c) = -9*c + 0*c - 7 - 1 - c**2. What are the prime factors of t(a)?
2, 3
Suppose 8624 = 38*o - 1384360 - 542432. List the prime factors of o.
2, 7, 17, 107
Let x be (-5)/2*(-20)/25*1. Let u be -1 + x + 10/2. Suppose u*v = 20 + 256. What are the prime factors of v?
2, 23
Let f(p) = 27836*p**2 + 15*p + 4. List the prime factors of f(-1).
3, 5, 7, 53
Suppose -30*q + 39*q = 8847. Suppose 5*h - 4954 = -3*u, -u + q = h - 3*u. What are the prime factors of h?
23, 43
Let d(b) be the third derivative of 19*b**4/8 + 5*b**3/2 - 4*b**2. Suppose 8*u = -5*f + 7*u + 17, -2*u + 10 = 2*f. List the prime factors of d(f).
2, 3, 31
Suppose -3*u - 2*o - 3*o = 480, u = -o - 160. Let p = u + 393. Suppose p + 31 = 4*s. What are the prime factors of s?
2, 3, 11
Suppose r